divided by ((-8)/10)/(4/(-90))?
17
Let w(b) = b**3 + 8*b**2 + 19. What is the remainder when 56 is divided by w(-8)?
18
Suppose 0*t + 2 = -t. Calculate the remainder when 19 is divided by (18 + -4)*t/(-4).
5
Let b be 3/9 - 70/(-6). Let p = b + 24. What is the remainder when p is divided by (-20)/(-1) + -1 - 0?
17
Let h = -30 + 62. What is the remainder when h is divided by 11?
10
Let l be -2 + (0 - -2*3). Suppose -4*y - 12 = 0, 0*o - 16 = -2*o + 4*y. What is the remainder when o is divided by l/5 + (-2)/(-10)?
0
Let y(l) = 2*l - 1. Let d be y(5). Let a = 18 - d. Let x(m) = -5*m**3 + m**2 + 2*m + 1. What is the remainder when a is divided by x(-1)?
4
Let f = -53 + 56. What is the remainder when 7 is divided by f?
1
Suppose 2*i = 2*d + 20, -6*i = -4*i + 2*d - 20. Let w(n) = n - 7. What is the remainder when 6 is divided by w(i)?
0
Suppose -r - 40 = -6*r + 2*z, 3*r = 2*z + 28. Suppose -5*s - 45 + 5 = 0. Let x = s - -18. What is the remainder when x is divided by r?
4
Let m = 187 + -75. Suppose -5*y = -3*y - m. Calculate the remainder when y is divided by 19.
18
Calculate the remainder when 354 - -24 - 2*(-6)/(-4) is divided by 42.
39
Suppose -3*b = -7 - 92. Suppose -b = -5*w + 27. Calculate the remainder when w is divided by 7.
5
Let b(r) = 6*r - 70. Let n = -5 - -16. Calculate the remainder when b(17) is divided by n.
10
Suppose -2*a - 24 = -8*a. What is the remainder when a is divided by 3?
1
Suppose d + d = -4. Calculate the remainder when d/9 + (-317)/(-9) is divided by 12.
11
Let h(k) = -7*k - k + 6 - 6 + 5 - 7*k**2 - k**3. Let m(d) = -d**3 - 5*d**2 + 6. What is the remainder when h(-6) is divided by m(-5)?
5
Suppose 4 = 4*d - 2*n, 4*n = -3*d - 1 + 15. What is the remainder when 3 is divided by d?
1
Let g = 47 - 46. Calculate the remainder when g is divided by 1.
0
Let k(o) = -o**2 + 2*o + 13. Calculate the remainder when 36 is divided by k(0).
10
Suppose k - 3*j - 4 = 2, k - 13 = -4*j. What is the remainder when 4/22 - 1136/(-44) is divided by k?
8
Let b(m) = m**3 + m**2. Let h(p) = p**2 + 3*p - 1. Let n be h(-3). Let j be b(n). Suppose j = -0*o + 2*o - 22. Calculate the remainder when 41 is divided by o.
8
Let w(y) = -2*y. Let x be w(-6). Let p = 1 + 7. What is the remainder when p is divided by 18/4 + x/(-8)?
2
What is the remainder when 23 is divided by 6*(3 + (-12)/8)?
5
What is the remainder when 2388/66 - 2/11 is divided by 13?
10
Suppose -5*t - 4*t = -306. Calculate the remainder when 67 is divided by t.
33
Suppose 0 = 6*h - h - 90. What is the remainder when 84 is divided by h?
12
Let t be (-25)/(-1 + 0/(-3)). Suppose p - t = -2*o, 5*o + 21 - 90 = 4*p. Calculate the remainder when o is divided by 1/((-26)/14 + 2).
6
Suppose 2*x = 4*y - 166, -80 = -2*y + 2*x - 4*x. Calculate the remainder when y is divided by (-12)/10*(195/(-10) - -2).
20
Calculate the remainder when 19 is divided by 22/3 + (-1)/3.
5
Let w = 8 + -3. Suppose 4*s - 2*s - 16 = 0. Calculate the remainder when s is divided by w.
3
Let h(i) = -i**3 - 7*i**2 - 2*i - 9. Let b be h(-7). What is the remainder when ((-31)/2)/(b/(-10)) is divided by 11?
9
Let s = 2 - 3. Let d = 43 + -30. Calculate the remainder when s + (1 - 3) + 40 is divided by d.
11
Suppose -2*q + 3*w + 2 = 1, -3*q = -5*w - 1. Suppose 4*u - 18 = q*u. What is the remainder when 26 is divided by u?
8
Suppose -87 - 23 = -2*y. Let z be (18/(-15))/(8/(-20)). Suppose z*r = 0, -3*g - 19 = -4*g - r. What is the remainder when y is divided by g?
17
Let n = 124 + 2. Suppose 3*l + 0*l = n. What is the remainder when l is divided by 22?
20
Let h = 566 + -541. Suppose 2*a = a + 9. What is the remainder when h is divided by a?
7
Let v be -1 - ((-2)/(-1) + -4). Suppose -4*y + 9*y - 70 = 0. Calculate the remainder when ((40 - -1)*1)/v is divided by y.
13
Calculate the remainder when 12 is divided by ((-2)/(-3))/((-20)/(-210)).
5
Let x = -17 + 12. Let i be x + (-1)/(1 - 0). Calculate the remainder when ((-6)/4)/(i/136) is divided by 18.
16
Let x = -8 + 9. Let i be (x + -1)*(-7)/21. Suppose i + 4 = 4*l. What is the remainder when 2 is divided by l?
0
Let i(j) be the first derivative of j**2 - 10*j + 1. What is the remainder when i(11) is divided by (-60)/(-9) - (-2)/6?
5
Let h(f) = 2*f**2 - 7*f - 7. Calculate the remainder when h(6) is divided by 9.
5
Let w(p) = -2*p**2 + 20*p - 22. Suppose 0 = -4*h + 25 - 5. Let r = h - -22. What is the remainder when r is divided by w(8)?
7
Let z be ((-9)/(-5))/((-1)/(-5)). Suppose -4*a = -z - 15. Let j = 42 - a. Calculate the remainder when j is divided by 19.
17
Suppose -5*b + 15 + 5 = 0. What is the remainder when 11 is divided by b?
3
Suppose -i = 4*a + 15 - 35, 8 = -i + 3*a. Calculate the remainder when (-6)/((-18)/30*1) is divided by i.
2
Let f be (-9)/(-6) - (-2)/4. Suppose -6*d = -f*d - n - 105, -5 = n. What is the remainder when d is divided by 9?
7
Let h(i) = -i**3 - 8*i**2 - 2. Let s be h(-9). Suppose -49 = -2*d + s. Calculate the remainder when d is divided by 33.
31
Let w(v) = 8*v + 3. Let n be 0 - (0 - 1) - -1. Let t be 0/n + 2*2. What is the remainder when w(t) is divided by 12?
11
Let w(j) = 16*j - 1. Let f(q) = q**2 - 2*q - 8. Let b be (2/(-2))/(4/(-28)). What is the remainder when f(b) is divided by w(1)?
12
Let p = 2 - 5. Let i(t) be the third derivative of -t**6/60 - t**5/60 - t**4/12 - 2*t**3/3 - 5*t**2. Calculate the remainder when i(p) is divided by 12.
11
Suppose 25 = -5*j - 0*j, 4*b = 2*j + 166. Suppose -t = -2*o + 22, 3*t + 22 = 3*o - 14. Calculate the remainder when b is divided by o.
9
Suppose -18*p + 13*p = -265. Let z = -3 - -7. Suppose 0 = 4*u - 9*u + 4*m + 40, m - p = -z*u. What is the remainder when 34 is divided by u?
10
Suppose 8*h - 252 = h. What is the remainder when 107 is divided by h?
35
Let o = 21 + -15. Let b = 14 - 10. Suppose -2*w - b = -12. What is the remainder when o is divided by w?
2
Let y(q) = -q**2 + 10*q - 5. Let f(c) = -c**2. Let u be f(-2). Let w = u - -6. Calculate the remainder when y(9) is divided by w.
0
Calculate the remainder when 13 is divided by 2/(-8) + (-87)/(-12).
6
Let t = 13 + 50. What is the remainder when t is divided by 16?
15
Let r be 2 + 3/(-1) - -1. Let z(v) = v**2 + v + 42. What is the remainder when z(r) is divided by -2*(60/(-8) + 2)?
9
Suppose 4*z + 3 = 23. Suppose u = 3*u + 3*o - 122, u - 74 = z*o. What is the remainder when u is divided by 22?
20
Let i(n) = n**3 - 5*n**2 + 6*n - 2. Let s be i(4). What is the remainder when 4/s + 120/9 is divided by 8?
6
Let f = -2 + 6. Suppose -f*t + 70 + 26 = 0. What is the remainder when t is divided by 13?
11
Suppose -33 = 3*y - 0. Let m = -5 - y. Calculate the remainder when m is divided by 2.
0
Calculate the remainder when 83 is divided by 2*3/(-3) + 23.
20
Suppose -5*q + 3*c - 2 + 24 = 0, 0 = 4*q - 3*c - 20. Calculate the remainder when 5 is divided by q.
1
Suppose 400 = 9*t + 11*t. Calculate the remainder when 90 is divided by t.
10
Let c(j) = j**3 + 5*j**2 - 6*j + 5. What is the remainder when 7 is divided by c(-6)?
2
Suppose t = -h + 38, -2*t - 4*h = -3*t + 48. What is the remainder when t is divided by 28/3*6/4?
12
Suppose 31 = 2*i - 5*o, -4*i - 12 + 29 = 5*o. Calculate the remainder when 31 is divided by i.
7
Let t(a) = 2*a + 21. Calculate the remainder when t(-5) is divided by 3.
2
Let a be 1/2*4/2. Let n be a*-1*(-3 - -2). Calculate the remainder when 1 + n + 44 + -2 is divided by 15.
14
Suppose 14 = g + 2*m, 0*m - m - 13 = -2*g. What is the remainder when 62 is divided by g?
6
Suppose -20 = 5*g - 10*g. Let l(r) = -r**3 - r**2 - r. What is the remainder when l(-2) is divided by g?
2
Let a = 92 + -75. What is the remainder when a is divided by 3?
2
Suppose 0 = o - 1 - 7. Let u(v) = v**3 + 11*v**2 - 2*v - 1. Calculate the remainder when u(-11) is divided by o.
5
Suppose 0 - 34 = 4*s + 2*u, -5*u + 5 = -5*s. Suppose -5*t = 2*y - 0*y + 33, 6 = -4*y + 2*t. Calculate the remainder when 3 is divided by y*-1*(-3)/s.
1
Let w = 76 + -49. Let p = -364 + 371. What is the remainder when w is divided by p?
6
Suppose 0 = w - 1, 3*r + 5*w - 25 = 1. Let k(m) = -m**3 + 7*m**2 - 2*m - 6. What is the remainder when k(6) is divided by r?
4
Suppose -2*b = 4*d - b - 197, -212 = -4*d + 4*b. What is the remainder when d is divided by 26?
24
Let i = -140 + 237. Let b(l) = l**2 + l + 4. Let